{"id":22286,"date":"2026-01-08T10:27:44","date_gmt":"2026-01-08T10:27:44","guid":{"rendered":"https:\/\/www.marianaromanica.ro\/consultanta-de-imagine\/?post_type=product&#038;p=22286"},"modified":"2026-02-04T13:21:35","modified_gmt":"2026-02-04T13:21:35","slug":"portrait-styling","status":"publish","type":"product","link":"https:\/\/www.marianaromanica.ro\/consultanta-de-imagine\/produs\/portrait-styling\/","title":{"rendered":"Portrait Styling"},"content":{"rendered":"<p><strong data-start=\"302\" data-end=\"322\">Portrait styling <\/strong>\u00eembin\u0103 \u0219tiin\u021ba cu arta pentru a construi o imagine coerent\u0103 \u0219i autentic\u0103 a ta, concentrat\u0103 pe zona fe\u021bei \u2014 exact acolo unde \u00eencepe <em>prima impresie.<\/em><\/p>\n<p>Portrait Styling este un proces complet de analiz\u0103 \u0219i armonizare a imaginii tale, creat pentru a \u00ee\u021bi pune \u00een valoare chipul, expresia \u0219i prezen\u021ba ta vizual\u0103, at\u00e2t \u00een via\u021ba real\u0103, c\u00e2t \u0219i \u00een foto sau video. Acest serviciu nu se rezum\u0103 la estetic\u0103, ci construie\u0219te o <strong data-start=\"564\" data-end=\"599\">strategie de stil personalizat\u0103<\/strong>, adaptat\u0103 identit\u0103\u021bii tale, obiectivelor tale \u0219i contextului \u00een care vei fi v\u0103zut(\u0103).<\/p>\n<p data-start=\"292\" data-end=\"623\">\u00a0Acest serviciu \u00eembin\u0103 armonios <strong data-start=\"487\" data-end=\"565\">coafura, machiajul, estetica facial\u0103, accesoriile, cromatica \u0219i expresia<\/strong>, pentru a crea un portret care te reprezint\u0103 cu adev\u0103rat.<\/p>\n<p data-start=\"625\" data-end=\"914\">Nu este vorba doar despre a ar\u0103ta bine, ci despre <strong data-start=\"675\" data-end=\"700\">a transmite cine e\u0219ti<\/strong>. Fie c\u0103 ai nevoie de imagini pentru branding personal, un photoshoot profesional, social media sau un moment important din via\u021ba ta, portrait styling-ul asigur\u0103 o prezen\u021b\u0103 vizual\u0103 clar\u0103, echilibrat\u0103 \u0219i memorabil\u0103.<\/p>\n<h3 data-start=\"916\" data-end=\"961\">De ce este important portrait styling-ul?<\/h3>\n<p>Fa\u021ba este primul element pe care oamenii \u00eel observ\u0103.<br \/>\nPrin portrait styling:<br \/>\n&#8211; eviden\u021biem tr\u0103s\u0103turile tale naturale<br \/>\n&#8211; cre\u0103m unitate \u00eentre p\u0103r, machiaj \u0219i expresie<br \/>\n&#8211; adapt\u0103m stilul la personalitatea, obiectivele \u0219i contextul t\u0103u<br \/>\n&#8211; construim o imagine profesional\u0103, credibil\u0103 \u0219i estetic\u0103<\/p>\n<p data-start=\"1257\" data-end=\"1371\">Rezultatul este un portret care nu mascheaz\u0103, ci <strong data-start=\"1306\" data-end=\"1320\">poten\u021beaz\u0103<\/strong> \u2014 un echilibru \u00eentre estetic, identitate \u0219i mesaj.<\/p>\n<h3 data-start=\"1373\" data-end=\"1409\">Pentru cine este acest serviciu?<\/h3>\n<p data-start=\"1411\" data-end=\"1446\">Portrait styling este ideal pentru:<br \/>\n&#8211; antreprenori \u0219i profesioni\u0219ti<br \/>\n&#8211; creatori de con\u021binut<br \/>\n&#8211; arti\u0219ti \u0219i freelanceri<br \/>\n&#8211; persoane care doresc imagini de impact \u0219i o prezen\u021b\u0103 vizual\u0103 bine definit\u0103<\/p>\n<p data-start=\"1613\" data-end=\"1731\">Fiecare detaliu este g\u00e2ndit pentru a sus\u021bine <strong data-start=\"1658\" data-end=\"1681\">povestea ta vizual\u0103<\/strong> \u0219i pentru a te ajuta s\u0103 te prezin\u021bi cu \u00eencredere.<\/p>\n","protected":false},"excerpt":{"rendered":"<p>Sesiunea debuteaz\u0103 cu o prim\u0103 \u00eent\u00e2lnire introductiv\u0103 (online) unde detemin\u0103m <strong>esen\u021ba de stil<\/strong> dominant\u0103 \u0219i strategia de imagine conform cu aceasta.<\/p>\n<p>Partea a doua a sesiunii are loc fizic \u00een studio \u0219i include:<\/p>\n<ul>\n<li>Pentru partea de cromatic\u0103:<br \/>\n1. <strong>Analiza Cromatic\u0103<\/strong>, identificarea tipologiei cromatice \u0219i a culorilor ideale<br \/>\n2. identificarea culorilor pentru machiaj conform tipologiei cromatice<br \/>\n3. identificarea nuan\u021bei pentru fond de ten<br \/>\n4. <strong>Consultan\u021b\u0103 cromatic\u0103 pentru culoarea p\u0103rului<\/strong><br \/>\n5. determinarea culorii ideale \u0219i a tehnicii de vopsire potrivite tipologiei<\/li>\n<li>Pentru partea de form\u0103:<br \/>\n6. <strong>Analiza formei fe\u021bei<\/strong><br \/>\n7. determinarea tunsorii ideale conform formei fe\u021bei (lungime, form\u0103, cu\/fara breton)<br \/>\n8. determinarea coafurilor ideale conform formei fe\u021bei (p\u0103r prins, desprins, etc)<br \/>\n9. recomand\u0103ri pentru forma spr\u00e2ncenelor \u0219i proceduri de \u00eenfrumuse\u021bare<br \/>\n10. determinarea dimensiunii \u0219i formei pentru cercei (lungime, form\u0103, grosime)<br \/>\n11. determinarea dimensiunii \u0219i formei pentru colier (lungime, form\u0103, grosime)<br \/>\n12. determinarea tipului ideal de decolteu \u00een func\u021bie de forma fe\u021bei \u0219i tunsoare\/coafura<br \/>\n13. determinarea formei \u0219i culorii ideale pentru ochelarii de vedere<\/li>\n<li>Pentru partea de estetic\u0103<br \/>\n14. <strong>strategie de mimic\u0103 &amp; z\u00e2mbet<\/strong> pentru foto\/video<br \/>\n15. semi-profil \u0219i postur\u0103 pentru portret foto\/video<br \/>\n16. nivel de contrast ideal pentru fundal\/ set-up foto\/video<\/li>\n<\/ul>\n<p>&nbsp;<\/p>\n","protected":false},"featured_media":22288,"comment_status":"open","ping_status":"closed","template":"","meta":{"_monsterinsights_skip_tracking":false,"_monsterinsights_sitenote_active":false,"_monsterinsights_sitenote_note":"","_monsterinsights_sitenote_category":0},"product_brand":[],"product_cat":[292],"product_tag":[],"class_list":{"0":"post-22286","1":"product","2":"type-product","3":"status-publish","4":"has-post-thumbnail","6":"product_cat-servicii-stil","8":"first","9":"instock","10":"shipping-taxable","11":"purchasable","12":"product-type-simple"},"yoast_head":"<!-- This site is optimized with the Yoast SEO plugin v25.1 - https:\/\/yoast.com\/wordpress\/plugins\/seo\/ -->\n<title>Portrait Styling - Consultanta de imagine<\/title>\n<meta name=\"description\" content=\"Portrait styling - culorile ideale pentru p\u0103r \u0219i machiaj, coafura \u00een func\u021bie de forma fe\u021bei, tunsoarea \u00een func\u021bie de forma fe\u021bei, ochelarii de vedere \u0219i bijuteriile potrivite, toate 100% personalizate pentru tine\" \/>\n<meta name=\"robots\" content=\"index, follow, max-snippet:-1, max-image-preview:large, max-video-preview:-1\" \/>\n<link rel=\"canonical\" href=\"https:\/\/www.marianaromanica.ro\/consultanta-de-imagine\/produs\/portrait-styling\/\" \/>\n<meta property=\"og:locale\" content=\"ro_RO\" \/>\n<meta property=\"og:type\" content=\"article\" \/>\n<meta property=\"og:title\" content=\"Portrait Styling - Consultanta de imagine\" \/>\n<meta property=\"og:description\" content=\"Portrait styling - culorile ideale pentru p\u0103r \u0219i machiaj, coafura \u00een func\u021bie de forma fe\u021bei, tunsoarea \u00een func\u021bie de forma fe\u021bei, ochelarii de vedere \u0219i bijuteriile potrivite, toate 100% personalizate pentru tine\" \/>\n<meta property=\"og:url\" content=\"https:\/\/www.marianaromanica.ro\/consultanta-de-imagine\/produs\/portrait-styling\/\" \/>\n<meta property=\"og:site_name\" content=\"Consultanta de imagine\" \/>\n<meta property=\"article:publisher\" content=\"https:\/\/www.facebook.com\/MarianaRomanicaPage\/\" \/>\n<meta property=\"article:modified_time\" content=\"2026-02-04T13:21:35+00:00\" \/>\n<meta property=\"og:image\" content=\"https:\/\/www.marianaromanica.ro\/consultanta-de-imagine\/wp-content\/uploads\/2026\/01\/Clove-Yellow-Brown-and-White-Woman-Fashion-Style-Portrait-Photo-Collage-1080-x-1080-px.png\" \/>\n\t<meta property=\"og:image:width\" content=\"1080\" \/>\n\t<meta property=\"og:image:height\" content=\"1080\" \/>\n\t<meta property=\"og:image:type\" content=\"image\/png\" \/>\n<meta name=\"twitter:card\" content=\"summary_large_image\" \/>\n<meta name=\"twitter:site\" content=\"@MarianaRomanica\" \/>\n<meta name=\"twitter:label1\" content=\"Timp estimat pentru citire\" \/>\n\t<meta name=\"twitter:data1\" content=\"2 minute\" \/>\n<script type=\"application\/ld+json\" class=\"yoast-schema-graph\">{\"@context\":\"https:\/\/schema.org\",\"@graph\":[{\"@type\":\"WebPage\",\"@id\":\"https:\/\/www.marianaromanica.ro\/consultanta-de-imagine\/produs\/portrait-styling\/\",\"url\":\"https:\/\/www.marianaromanica.ro\/consultanta-de-imagine\/produs\/portrait-styling\/\",\"name\":\"Portrait Styling - Consultanta de imagine\",\"isPartOf\":{\"@id\":\"https:\/\/www.marianaromanica.ro\/consultanta-de-imagine\/#website\"},\"primaryImageOfPage\":{\"@id\":\"https:\/\/www.marianaromanica.ro\/consultanta-de-imagine\/produs\/portrait-styling\/#primaryimage\"},\"image\":{\"@id\":\"https:\/\/www.marianaromanica.ro\/consultanta-de-imagine\/produs\/portrait-styling\/#primaryimage\"},\"thumbnailUrl\":\"https:\/\/www.marianaromanica.ro\/consultanta-de-imagine\/wp-content\/uploads\/2026\/01\/Clove-Yellow-Brown-and-White-Woman-Fashion-Style-Portrait-Photo-Collage-1080-x-1080-px.png\",\"datePublished\":\"2026-01-08T10:27:44+00:00\",\"dateModified\":\"2026-02-04T13:21:35+00:00\",\"description\":\"Portrait styling - culorile ideale pentru p\u0103r \u0219i machiaj, coafura \u00een func\u021bie de forma fe\u021bei, tunsoarea \u00een func\u021bie de forma fe\u021bei, ochelarii de vedere \u0219i bijuteriile potrivite, toate 100% personalizate pentru tine\",\"breadcrumb\":{\"@id\":\"https:\/\/www.marianaromanica.ro\/consultanta-de-imagine\/produs\/portrait-styling\/#breadcrumb\"},\"inLanguage\":\"ro-RO\",\"potentialAction\":[{\"@type\":\"ReadAction\",\"target\":[\"https:\/\/www.marianaromanica.ro\/consultanta-de-imagine\/produs\/portrait-styling\/\"]}]},{\"@type\":\"ImageObject\",\"inLanguage\":\"ro-RO\",\"@id\":\"https:\/\/www.marianaromanica.ro\/consultanta-de-imagine\/produs\/portrait-styling\/#primaryimage\",\"url\":\"https:\/\/www.marianaromanica.ro\/consultanta-de-imagine\/wp-content\/uploads\/2026\/01\/Clove-Yellow-Brown-and-White-Woman-Fashion-Style-Portrait-Photo-Collage-1080-x-1080-px.png\",\"contentUrl\":\"https:\/\/www.marianaromanica.ro\/consultanta-de-imagine\/wp-content\/uploads\/2026\/01\/Clove-Yellow-Brown-and-White-Woman-Fashion-Style-Portrait-Photo-Collage-1080-x-1080-px.png\",\"width\":1080,\"height\":1080},{\"@type\":\"BreadcrumbList\",\"@id\":\"https:\/\/www.marianaromanica.ro\/consultanta-de-imagine\/produs\/portrait-styling\/#breadcrumb\",\"itemListElement\":[{\"@type\":\"ListItem\",\"position\":1,\"name\":\"Acas\u0103\",\"item\":\"https:\/\/www.marianaromanica.ro\/consultanta-de-imagine\/\"},{\"@type\":\"ListItem\",\"position\":2,\"name\":\"Magazin\",\"item\":\"https:\/\/www.marianaromanica.ro\/consultanta-de-imagine\/\"},{\"@type\":\"ListItem\",\"position\":3,\"name\":\"Portrait Styling\"}]},{\"@type\":\"WebSite\",\"@id\":\"https:\/\/www.marianaromanica.ro\/consultanta-de-imagine\/#website\",\"url\":\"https:\/\/www.marianaromanica.ro\/consultanta-de-imagine\/\",\"name\":\"Consultanta de imagine\",\"description\":\"Mariana Romanica\",\"publisher\":{\"@id\":\"https:\/\/www.marianaromanica.ro\/consultanta-de-imagine\/#organization\"},\"potentialAction\":[{\"@type\":\"SearchAction\",\"target\":{\"@type\":\"EntryPoint\",\"urlTemplate\":\"https:\/\/www.marianaromanica.ro\/consultanta-de-imagine\/?s={search_term_string}\"},\"query-input\":{\"@type\":\"PropertyValueSpecification\",\"valueRequired\":true,\"valueName\":\"search_term_string\"}}],\"inLanguage\":\"ro-RO\"},{\"@type\":\"Organization\",\"@id\":\"https:\/\/www.marianaromanica.ro\/consultanta-de-imagine\/#organization\",\"name\":\"Mariana Romanica Image Consulting\",\"url\":\"https:\/\/www.marianaromanica.ro\/consultanta-de-imagine\/\",\"logo\":{\"@type\":\"ImageObject\",\"inLanguage\":\"ro-RO\",\"@id\":\"https:\/\/www.marianaromanica.ro\/consultanta-de-imagine\/#\/schema\/logo\/image\/\",\"url\":\"https:\/\/www.marianaromanica.ro\/consultanta-de-imagine\/wp-content\/uploads\/2016\/04\/Logo-MR-IMAGE-CONSULTing-e1461401575654.png\",\"contentUrl\":\"https:\/\/www.marianaromanica.ro\/consultanta-de-imagine\/wp-content\/uploads\/2016\/04\/Logo-MR-IMAGE-CONSULTing-e1461401575654.png\",\"width\":500,\"height\":173,\"caption\":\"Mariana Romanica Image Consulting\"},\"image\":{\"@id\":\"https:\/\/www.marianaromanica.ro\/consultanta-de-imagine\/#\/schema\/logo\/image\/\"},\"sameAs\":[\"https:\/\/www.facebook.com\/MarianaRomanicaPage\/\",\"https:\/\/x.com\/MarianaRomanica\",\"https:\/\/www.instagram.com\/marianaromanica.ro\/\",\"https:\/\/www.linkedin.com\/in\/mariana-romanica-7a852728?trk=nav_responsive_tab_profile\",\"https:\/\/ro.pinterest.com\/marianaromanica\/\",\"https:\/\/www.youtube.com\/channel\/UCtqcpjkqH12PFT8pgZvljLg\"]}]}<\/script>\n<!-- \/ Yoast SEO plugin. -->","yoast_head_json":{"title":"Portrait Styling - Consultanta de imagine","description":"Portrait styling - culorile ideale pentru p\u0103r \u0219i machiaj, coafura \u00een func\u021bie de forma fe\u021bei, tunsoarea \u00een func\u021bie de forma fe\u021bei, ochelarii de vedere \u0219i bijuteriile potrivite, toate 100% personalizate pentru tine","robots":{"index":"index","follow":"follow","max-snippet":"max-snippet:-1","max-image-preview":"max-image-preview:large","max-video-preview":"max-video-preview:-1"},"canonical":"https:\/\/www.marianaromanica.ro\/consultanta-de-imagine\/produs\/portrait-styling\/","og_locale":"ro_RO","og_type":"article","og_title":"Portrait Styling - Consultanta de imagine","og_description":"Portrait styling - culorile ideale pentru p\u0103r \u0219i machiaj, coafura \u00een func\u021bie de forma fe\u021bei, tunsoarea \u00een func\u021bie de forma fe\u021bei, ochelarii de vedere \u0219i bijuteriile potrivite, toate 100% personalizate pentru tine","og_url":"https:\/\/www.marianaromanica.ro\/consultanta-de-imagine\/produs\/portrait-styling\/","og_site_name":"Consultanta de imagine","article_publisher":"https:\/\/www.facebook.com\/MarianaRomanicaPage\/","article_modified_time":"2026-02-04T13:21:35+00:00","og_image":[{"width":1080,"height":1080,"url":"https:\/\/www.marianaromanica.ro\/consultanta-de-imagine\/wp-content\/uploads\/2026\/01\/Clove-Yellow-Brown-and-White-Woman-Fashion-Style-Portrait-Photo-Collage-1080-x-1080-px.png","type":"image\/png"}],"twitter_card":"summary_large_image","twitter_site":"@MarianaRomanica","twitter_misc":{"Timp estimat pentru citire":"2 minute"},"schema":{"@context":"https:\/\/schema.org","@graph":[{"@type":"WebPage","@id":"https:\/\/www.marianaromanica.ro\/consultanta-de-imagine\/produs\/portrait-styling\/","url":"https:\/\/www.marianaromanica.ro\/consultanta-de-imagine\/produs\/portrait-styling\/","name":"Portrait Styling - Consultanta de imagine","isPartOf":{"@id":"https:\/\/www.marianaromanica.ro\/consultanta-de-imagine\/#website"},"primaryImageOfPage":{"@id":"https:\/\/www.marianaromanica.ro\/consultanta-de-imagine\/produs\/portrait-styling\/#primaryimage"},"image":{"@id":"https:\/\/www.marianaromanica.ro\/consultanta-de-imagine\/produs\/portrait-styling\/#primaryimage"},"thumbnailUrl":"https:\/\/www.marianaromanica.ro\/consultanta-de-imagine\/wp-content\/uploads\/2026\/01\/Clove-Yellow-Brown-and-White-Woman-Fashion-Style-Portrait-Photo-Collage-1080-x-1080-px.png","datePublished":"2026-01-08T10:27:44+00:00","dateModified":"2026-02-04T13:21:35+00:00","description":"Portrait styling - culorile ideale pentru p\u0103r \u0219i machiaj, coafura \u00een func\u021bie de forma fe\u021bei, tunsoarea \u00een func\u021bie de forma fe\u021bei, ochelarii de vedere \u0219i bijuteriile potrivite, toate 100% personalizate pentru tine","breadcrumb":{"@id":"https:\/\/www.marianaromanica.ro\/consultanta-de-imagine\/produs\/portrait-styling\/#breadcrumb"},"inLanguage":"ro-RO","potentialAction":[{"@type":"ReadAction","target":["https:\/\/www.marianaromanica.ro\/consultanta-de-imagine\/produs\/portrait-styling\/"]}]},{"@type":"ImageObject","inLanguage":"ro-RO","@id":"https:\/\/www.marianaromanica.ro\/consultanta-de-imagine\/produs\/portrait-styling\/#primaryimage","url":"https:\/\/www.marianaromanica.ro\/consultanta-de-imagine\/wp-content\/uploads\/2026\/01\/Clove-Yellow-Brown-and-White-Woman-Fashion-Style-Portrait-Photo-Collage-1080-x-1080-px.png","contentUrl":"https:\/\/www.marianaromanica.ro\/consultanta-de-imagine\/wp-content\/uploads\/2026\/01\/Clove-Yellow-Brown-and-White-Woman-Fashion-Style-Portrait-Photo-Collage-1080-x-1080-px.png","width":1080,"height":1080},{"@type":"BreadcrumbList","@id":"https:\/\/www.marianaromanica.ro\/consultanta-de-imagine\/produs\/portrait-styling\/#breadcrumb","itemListElement":[{"@type":"ListItem","position":1,"name":"Acas\u0103","item":"https:\/\/www.marianaromanica.ro\/consultanta-de-imagine\/"},{"@type":"ListItem","position":2,"name":"Magazin","item":"https:\/\/www.marianaromanica.ro\/consultanta-de-imagine\/"},{"@type":"ListItem","position":3,"name":"Portrait Styling"}]},{"@type":"WebSite","@id":"https:\/\/www.marianaromanica.ro\/consultanta-de-imagine\/#website","url":"https:\/\/www.marianaromanica.ro\/consultanta-de-imagine\/","name":"Consultanta de imagine","description":"Mariana Romanica","publisher":{"@id":"https:\/\/www.marianaromanica.ro\/consultanta-de-imagine\/#organization"},"potentialAction":[{"@type":"SearchAction","target":{"@type":"EntryPoint","urlTemplate":"https:\/\/www.marianaromanica.ro\/consultanta-de-imagine\/?s={search_term_string}"},"query-input":{"@type":"PropertyValueSpecification","valueRequired":true,"valueName":"search_term_string"}}],"inLanguage":"ro-RO"},{"@type":"Organization","@id":"https:\/\/www.marianaromanica.ro\/consultanta-de-imagine\/#organization","name":"Mariana Romanica Image Consulting","url":"https:\/\/www.marianaromanica.ro\/consultanta-de-imagine\/","logo":{"@type":"ImageObject","inLanguage":"ro-RO","@id":"https:\/\/www.marianaromanica.ro\/consultanta-de-imagine\/#\/schema\/logo\/image\/","url":"https:\/\/www.marianaromanica.ro\/consultanta-de-imagine\/wp-content\/uploads\/2016\/04\/Logo-MR-IMAGE-CONSULTing-e1461401575654.png","contentUrl":"https:\/\/www.marianaromanica.ro\/consultanta-de-imagine\/wp-content\/uploads\/2016\/04\/Logo-MR-IMAGE-CONSULTing-e1461401575654.png","width":500,"height":173,"caption":"Mariana Romanica Image Consulting"},"image":{"@id":"https:\/\/www.marianaromanica.ro\/consultanta-de-imagine\/#\/schema\/logo\/image\/"},"sameAs":["https:\/\/www.facebook.com\/MarianaRomanicaPage\/","https:\/\/x.com\/MarianaRomanica","https:\/\/www.instagram.com\/marianaromanica.ro\/","https:\/\/www.linkedin.com\/in\/mariana-romanica-7a852728?trk=nav_responsive_tab_profile","https:\/\/ro.pinterest.com\/marianaromanica\/","https:\/\/www.youtube.com\/channel\/UCtqcpjkqH12PFT8pgZvljLg"]}]}},"_links":{"self":[{"href":"https:\/\/www.marianaromanica.ro\/consultanta-de-imagine\/wp-json\/wp\/v2\/product\/22286","targetHints":{"allow":["GET"]}}],"collection":[{"href":"https:\/\/www.marianaromanica.ro\/consultanta-de-imagine\/wp-json\/wp\/v2\/product"}],"about":[{"href":"https:\/\/www.marianaromanica.ro\/consultanta-de-imagine\/wp-json\/wp\/v2\/types\/product"}],"replies":[{"embeddable":true,"href":"https:\/\/www.marianaromanica.ro\/consultanta-de-imagine\/wp-json\/wp\/v2\/comments?post=22286"}],"wp:featuredmedia":[{"embeddable":true,"href":"https:\/\/www.marianaromanica.ro\/consultanta-de-imagine\/wp-json\/wp\/v2\/media\/22288"}],"wp:attachment":[{"href":"https:\/\/www.marianaromanica.ro\/consultanta-de-imagine\/wp-json\/wp\/v2\/media?parent=22286"}],"wp:term":[{"taxonomy":"product_brand","embeddable":true,"href":"https:\/\/www.marianaromanica.ro\/consultanta-de-imagine\/wp-json\/wp\/v2\/product_brand?post=22286"},{"taxonomy":"product_cat","embeddable":true,"href":"https:\/\/www.marianaromanica.ro\/consultanta-de-imagine\/wp-json\/wp\/v2\/product_cat?post=22286"},{"taxonomy":"product_tag","embeddable":true,"href":"https:\/\/www.marianaromanica.ro\/consultanta-de-imagine\/wp-json\/wp\/v2\/product_tag?post=22286"}],"curies":[{"name":"wp","href":"https:\/\/api.w.org\/{rel}","templated":true}]}}